et y be 2/5 + (-188)/(-5). Suppose 5*z - y = 12. What is the greatest common divisor of 70 and z?
10
Let x = 125 - 89. Suppose 0*n + 3*n = x. Calculate the highest common divisor of n and 96.
12
Let z(o) = -o**3 + 5*o + 2. Let d be z(-3). What is the highest common divisor of d and 126?
14
Let t be (-95)/(-35) - 6/(-21). What is the highest common divisor of t and 2?
1
Let o = 166 + -78. Let b(i) = i**3 + 3*i**2 - 4*i - 4. Let w be b(-3). What is the highest common divisor of o and w?
8
Let f be 1/(-2)*(-13 - 1). Calculate the highest common divisor of f and 56.
7
Suppose -5*h = -125 - 35. What is the highest common factor of h and 12?
4
Let a be (-2)/3 - 96/(-9). Suppose -4*z - a = i - 0*z, 3*z = -2*i. Suppose 2*t + 2 = -i, 3*x = t + 19. What is the highest common factor of x and 20?
5
Suppose -4*y = -3*y + 2*b - 42, -4*y = -4*b - 204. Calculate the greatest common divisor of y and 6.
6
Let d be (-159)/(-21) + 9/21. Calculate the greatest common divisor of 24 and d.
8
Let x be (1/4)/((-6)/(-312)). Let f = x - 10. Calculate the highest common factor of f and 3.
3
Let g be (-3568)/(-22) + 4/(-22). Let h be 5*(-1)/((-5)/(-4)). Let f be (-64)/h + 3 + -1. What is the greatest common factor of g and f?
18
Suppose 0 = -4*r + 5*q - 151, 0*r + 5*q = 5*r + 195. Let j be (-1)/((-8)/(-36))*r. What is the greatest common divisor of 18 and j?
18
Let p = 10 - 6. Suppose h + 4 = -v + 30, 16 = -p*h. Let y = v + -12. What is the highest common factor of y and 27?
9
Let l(d) = d + 1. Let t be l(3). Suppose t*p - 17 = 55. Calculate the highest common factor of p and 72.
18
Let f be -5*(1 - 2/(-10) - 2). What is the highest common factor of 16 and f?
4
Let i = 6 + -7. Let h be 2 + 34*i*-1. Suppose -5*g - 4*b + 18 = 0, 6*g - 2*g = 4*b + h. Calculate the highest common divisor of 6 and g.
6
Let z = -55 - -79. What is the highest common factor of 36 and z?
12
Suppose 0*v - 45 = -3*v. Let y be 5416/40 + (-6)/15. What is the highest common factor of v and y?
15
Let o be (2 - (2 + 9))*-1. Let r = -3 - -4. Let f(j) = 10*j**3 - 2*j + 1. Let q be f(r). Calculate the greatest common divisor of o and q.
9
Let q(p) = -5*p + 1. Let l be q(-4). Let x = -15 + l. Calculate the greatest common divisor of x and 54.
6
Let d(r) = -r**3 + 4*r**2 + 5*r + 7. Let x be d(5). Let i = x - 7. Suppose -3*f + 125 - 8 = i. Calculate the greatest common factor of 13 and f.
13
Let u(s) = -s**2 + 21*s - 32. Let l be u(17). What is the highest common divisor of 12 and l?
12
Suppose -44 = -2*q - 10. Calculate the greatest common factor of 187 and q.
17
Suppose 5*w + 3*y = 32, -w - 2*y = -5*w + 8. Calculate the highest common divisor of 32 and w.
4
Let h be (-18)/21*(-28)/1. Calculate the greatest common factor of 12 and h.
12
Let c be (3/(-2))/(9/(-48)). What is the greatest common factor of c and 88?
8
Let x(q) = q**3 - 8*q**2 + 3*q - 6. Let l be x(8). What is the greatest common factor of l and 2?
2
Let q be ((-2)/2)/2*194. Let x = q + 42. Let w = -25 - x. Calculate the greatest common factor of w and 10.
10
Let t = -72 - -83. What is the greatest common factor of 1 and t?
1
Suppose -35 = -9*d + 100. What is the greatest common factor of d and 15?
15
Suppose 4*q = y + 4*y - 88, 4*y + 2*q = 60. What is the highest common factor of y and 8?
8
Suppose 2*y = y + 8. What is the highest common divisor of y and 8?
8
Suppose 6*r = 9 + 3. Calculate the highest common divisor of 8 and r.
2
Suppose 10 = a + 1. What is the highest common factor of 18 and a?
9
Suppose 0 = -5*g + g. Suppose g = -u - 0*u + 5. Let m(o) = -4*o**3 + 3*o**2 + 3*o + 2. Let l be m(-2). Calculate the highest common factor of u and l.
5
Suppose 3*x + 2 = 4*k, -3*k = -0*x - 2*x - 2. What is the highest common factor of k and 2?
2
Suppose -5*v + 32 = 4*u, -2*u + 6*u = v + 32. Suppose 0*z + 2*z = 6. Suppose -2 = -z*x + x. What is the greatest common factor of x and u?
1
Suppose -171 = -7*v + 2468. What is the greatest common divisor of 29 and v?
29
Suppose 23 - 63 = -4*j. Calculate the greatest common factor of 10 and j.
10
Let b = 3 - 1. Let s be b + 5 + -1 + -1. Suppose -2*c = -s*f + 44, 0*c + 2*c - 26 = -2*f. Calculate the highest common factor of 50 and f.
10
Let k = 111 - 76. What is the highest common divisor of 14 and k?
7
Let f be (-23)/5 + (-8)/20. Let h be (-3 + f/(-2))*24. Let o = h - -18. Calculate the highest common factor of o and 6.
6
Let w = -34 - -48. Calculate the greatest common factor of 126 and w.
14
Let j = 278 - 150. Suppose -3*i = 5*c - 95, 5*i - 3*c - j = 53. What is the greatest common factor of 14 and i?
7
Suppose -2*w = -w - 45. Let q be 2/2*4/(-1). Let t be q/12 - (-92)/6. What is the highest common divisor of t and w?
15
Suppose 3*h + 2 = 2*h + 5*b, -2*h - 5*b = -11. Suppose 5*v - 3*v = f - 30, -3*f = -5*v - 87. What is the greatest common factor of f and h?
3
Suppose 0 = 13*q - 1124 - 124. What is the highest common factor of q and 144?
48
Let w = 36 + 36. What is the highest common divisor of 8 and w?
8
Let y(g) = g**3 - 7*g**2 - 2*g + 9. Let c be y(7). Let k be (-1)/(((-15)/(-18))/c). Calculate the highest common divisor of k and 4.
2
Let l(g) = -g - 1. Let t be l(-6). Suppose 0 = 5*c + t, 1 - 18 = -2*u + 5*c. Calculate the greatest common divisor of u and 3.
3
Let d = 359 - 224. What is the highest common divisor of 15 and d?
15
Let r(z) = -z**3 + 12*z**2 + 10*z - 16. Let l be r(12). What is the greatest common factor of l and 13?
13
Let w = -3 - -4. Suppose 5*o + 1 = 11. Let q = o - w. Calculate the highest common divisor of q and 1.
1
Let z(d) = d**3 - 4*d**2 - 5*d + 5. Let x be z(5). Suppose -58 = -x*r + 162. Let o = 25 - 14. Calculate the greatest common factor of o and r.
11
Let c(i) = 2*i**2 - 11*i. Let j(f) = -2*f**2 + 10*f - 1. Let z(a) = -6*c(a) - 7*j(a). Let q be z(6). Calculate the highest common factor of q and 5.
5
Let z = 46 - 30. Let l be ((-4)/(-6))/((-1)/(-120)). Calculate the highest common factor of l and z.
16
Let i = 168 + -24. Suppose -4*a + 0 = -i. Calculate the highest common divisor of 54 and a.
18
Let g be 2/(-1)*440/(-16). Calculate the highest common factor of g and 22.
11
Let j = 30 + -6. Suppose 0 = -4*k + 4*y + 72, -40 = -7*k + 4*k - 4*y. Calculate the highest common factor of k and j.
8
Suppose -24 = -u - 9. Calculate the highest common factor of 15 and u.
15
Suppose -4*f - 67 + 243 = 0. Let s = f - 22. Calculate the greatest common factor of 11 and s.
11
Let d(g) = -5*g - 3. Let i be d(3). Let h = -4 + 3. Let r = h - i. Calculate the greatest common divisor of r and 187.
17
Let o = 269 + -184. What is the highest common divisor of 17 and o?
17
Let x(o) = -o**3 - 8*o**2 - 15*o + 6. Let a be x(-6). Calculate the highest common divisor of 18 and a.
6
Let i be 15*(4/(-12) + 1). Suppose 12*n - i*n - 26 = 0. Let l(y) = -19*y - 4. Let h be l(-5). What is the highest common factor of n and h?
13
Let t(z) = -z**3 - 9*z**2 - z. Let f be t(-9). Let a be f/(-3) - (0 + 21). Let b be (16/a)/(2/(-15)). Calculate the highest common divisor of b and 5.
5
Suppose 0 = y - 5*d + 3, -5*d = y - 0*d - 7. Suppose -3*z + y*n + 76 = 0, -4*z + 27 = -n - 81. What is the highest common factor of z and 42?
14
Let o be ((-62)/(-2))/(1/5). What is the greatest common divisor of o and 31?
31
Let n(l) = l**2 + 2*l + 1. Let b be 5*3*6/(-45). Let w be n(b). Suppose 3*z = -w - 2, 3*z = 2*y - 143. Calculate the highest common factor of y and 28.
14
Suppose 0 = 5*r - 0*r - 5*c, -5*c = -r - 12. Let z be 16 + r + 1 + 2. What is the greatest common divisor of z and 198?
22
Let x(t) = -4*t - 5. Let c be x(-30). Calculate the highest common divisor of 5 and c.
5
Suppose -2*c + 16 = 8. Calculate the greatest common divisor of c and 52.
4
Let w(r) = -r**2 + r + 21. Let z be w(0). Calculate the greatest common divisor of 3 and z.
3
Suppose 0 = -j - 3, -5*n + 4*j + 42 = -10. Let l = n + 28. Suppose -5*z = -0*z - 120. What is the greatest common factor of l and z?
12
Let o(g) = -g**3 + 9*g**2 + 2*g - 12. Let u be o(9). Let n(c) = c**3 + 5*c**2 - 3*c. Let s be n(-5). Calculate the highest common factor of u and s.
3
Suppose -2 - 4 = -3*x. Suppose x*o - 13 = 3*c, 5*o + c + 2 - 26 = 0. Suppose -4*j + 33 = -47. Calculate the greatest common divisor of j and o.
5
Let p be -2 + -2 + 0 + 1. Let w be 1 + p + -1 + 12. Let d 